 = h - -48. What are the prime factors of c?
2, 5
What are the prime factors of (-2016)/(-10) - (-3 + 54/15)?
3, 67
Let h = 1088 + -601. List the prime factors of h.
487
What are the prime factors of (-131 + -17)*(-21)/6?
2, 7, 37
Let y be 4/(-8) - (-465)/2. Suppose 2*p - y = -4*u, 4*p - 108 = -2*u + 326. What are the prime factors of p?
2, 53
Let f = 51 + -12. Suppose -4*l + f = -13. Suppose 0 = -t + l - 6. List the prime factors of t.
7
Suppose 0 = -v + 58 + 107. Suppose 5*s - v = 150. What are the prime factors of s?
3, 7
Let z(n) be the third derivative of n**6/120 + n**5/15 - n**4/4 - n**3/6 - 12*n**2. What are the prime factors of z(-5)?
2
Let l(c) = -20*c + 8. Let p(r) = -20*r + 7. Let z(u) = -5*l(u) + 6*p(u). Let k be z(-3). Suppose -4*o + k = -2*o. What are the prime factors of o?
31
Suppose 0 = 3206*d - 3207*d + 3878. What are the prime factors of d?
2, 7, 277
Suppose 0 = -2*l - 2*k + 3*k + 82, 4*l + 3*k - 174 = 0. Suppose 4*z + 2*c = 384, -2*c = -z + l + 49. List the prime factors of z.
5, 19
What are the prime factors of -1 - (-413 - (6 + -10))?
2, 3, 17
Suppose 13*r + 934 = -1978. List the prime factors of ((2 - r/(-12)) + 1)*-9.
3, 47
Suppose -212 = -5*q + 153. Let h = 17 + q. List the prime factors of h.
2, 3, 5
Suppose 2*m - 5*j - 3220 = 0, 0 = 54*m - 59*m - 5*j + 8085. List the prime factors of m.
5, 17, 19
Suppose -53*t + 26060 = -15916. List the prime factors of t.
2, 3, 11
Let z(h) be the first derivative of 5*h**3/3 - 17*h**2/2 - 22*h - 12. List the prime factors of z(8).
2, 3
Suppose -12 = -4*w, -2*z = -2*w - 40 - 2. Suppose g = -o + 3, g + z = 5*o - 3*g. Suppose -49 = o*s - 5*s. List the prime factors of s.
7
List the prime factors of ((-33474)/(-84))/((-1)/(-2)).
797
What are the prime factors of (-7248)/(-7) + (-112)/(-196)?
2, 7, 37
Let b(o) = 3*o + 9*o - 16*o + 15. Let n be b(6). What are the prime factors of 240/n*(-12)/5?
2
Let w(f) = 5*f**2 + 4*f - 8. Let m(p) = -5*p**2 - 5*p + 9. Let s(g) = 4*m(g) + 5*w(g). List the prime factors of s(2).
2
Let w(p) = -3*p - 2. Let z(g) = -5*g + 3*g + g + 0*g. Let d be z(3). List the prime factors of w(d).
7
Let t = 8177 + -5564. List the prime factors of t.
3, 13, 67
Suppose -5*t - o = -33, 4*t - t = -o + 21. Suppose 11*k - t*k - 1035 = 0. What are the prime factors of k?
3, 23
Suppose -17 = 4*q + 2*c + 15, -17 = q - 4*c. Let i = 12 + q. Let f = i + 56. What are the prime factors of f?
59
Suppose 0 = 61*a - 55*a - 42. Suppose a = -3*y + 67. What are the prime factors of y?
2, 5
Let g = 46 - 76. Let d be (-3)/(36/8)*g. Let y = 27 + d. What are the prime factors of y?
47
Let m be 1812/9 - 24/18. Suppose 0 = 5*z - 10 - m. List the prime factors of z.
2, 3, 7
Let k(z) = -12*z - 45. Let x be ((-126)/12)/((-9)/(-12)). What are the prime factors of k(x)?
3, 41
Suppose -8580 = -251*j + 239*j. List the prime factors of j.
5, 11, 13
Suppose 2*a - 219 = -67. Suppose 0 = -2*p + p + a. Suppose 12 - p = -2*h. What are the prime factors of h?
2
Let r = -17 + 50. List the prime factors of 2/(6/r)*18.
2, 3, 11
List the prime factors of -1 + 37 - (73 - 66).
29
Let i(p) = 11*p**2 - 8*p + 5. Let r be i(5). Suppose 3*t - 161 = -b, -6*b = -5*t - 2*b + r. What are the prime factors of t?
2, 13
Let a(t) = t**2 + t - 6. Suppose -2*l - 2*l = -12, 0 = -2*g + 2*l + 24. Suppose 3*i + 5*y = -g, -3*i - 2*i + 5*y - 25 = 0. What are the prime factors of a(i)?
2, 7
Let p = -1517 + 2341. List the prime factors of p.
2, 103
Suppose -r = -2*l + 198, 5*l - 4*r - 22 - 473 = 0. Let q = l - 70. List the prime factors of q.
29
Suppose 7*q = 4*q + 1203. What are the prime factors of q?
401
Let s = -1638 - -3816. What are the prime factors of s?
2, 3, 11
Let d be 12/8 - 9/(-6). Suppose -3*q - o = -10 + d, 4*q - 5*o + 16 = 0. Let f = 22 - q. List the prime factors of f.
3, 7
Let k(o) = o**2 + 9*o - 2. What are the prime factors of k(15)?
2, 179
Suppose -5*l - 6492 = -3*o, o - 5*l - 1054 = 1120. List the prime factors of o.
17, 127
Suppose 79*z - 19098 = 61*z. What are the prime factors of z?
1061
Let r(u) = 139*u - 297. List the prime factors of r(18).
3, 5, 7
Let p = -3 + 13. Let g = p - 4. Suppose -2*w + 5 = 3*u, w - g*w + u + 38 = 0. List the prime factors of w.
7
Let y = -23 + 22. What are the prime factors of y*(44 - 2)*-1 - -3?
3, 5
What are the prime factors of ((-1 - -483)/1)/2?
241
Let l(g) = g + 3. Let a be l(-3). Let y(b) = 15*b + 350. Let o be y(-23). Suppose -t = 2*c - 60, o*t = -a*c + 3*c + 274. What are the prime factors of t?
2, 7
Suppose 27*u + 4*g = 25*u + 698, 2*u - 5*g = 698. What are the prime factors of u?
349
Let q = 4319 - -1427. What are the prime factors of (q/39)/(4/6)?
13, 17
Let q = 17 + -15. Suppose -3*z = -4*d + 71, 5*z - 46 = -q*d - d. What are the prime factors of d?
17
Let u(c) = -c**3 + 7*c**2 + 21*c + 100. What are the prime factors of u(-8)?
2, 223
Let o(r) = 1 + 5 + 4 - 4 + r. Let z(k) = k**3 - 7*k**2 + 8*k - 6. Let d be z(6). What are the prime factors of o(d)?
2, 3
Suppose -12*z + 105 = -9*z. Suppose w + 4*w - z = 0. Let q(a) = -a**3 + 6*a**2 + 9*a + 10. What are the prime factors of q(w)?
2, 3
Suppose 0 = -2*y - 0*y + 8. Suppose 2*z - 8 = 5*h - 3, 5 = -5*h + 5*z. List the prime factors of 57/4 + h/y.
2, 7
Let v(q) be the second derivative of -q**4/12 - 13*q**3/6 - 19*q**2/2 - 13*q. What are the prime factors of v(-11)?
3
Let i(x) = 901*x - 762. List the prime factors of i(5).
19, 197
Let f be ((-3)/12)/(6/(-48)). Suppose -120 = -5*i + 5*s - s, f*i = -3*s + 71. List the prime factors of i.
2, 7
Let g be (-87)/9 + (-5)/15. Let t be (-52)/65 + (-8)/g. Suppose 5*d + 3*l - 158 = t, 3*d + 2*l + 16 - 110 = 0. List the prime factors of d.
2, 17
Let z(i) = -i**3 - 7*i**2 + 4*i + 4. Let f be z(-8). Let b = f - 50. Let t = b - -25. List the prime factors of t.
11
Suppose 0 = -5*u - 3*v + 5232, -7*v - 4189 = -4*u - 6*v. What are the prime factors of u?
3, 349
Let h be (6/(-2) - -5)*136. Suppose -5*y = -y - h. Let q = y + -21. List the prime factors of q.
47
Let a(s) = -49*s - 71. What are the prime factors of a(-11)?
2, 3, 13
Suppose f - 5*b - 73 = 30, -3*f + 2*b = -296. Let g = f + -53. What are the prime factors of g?
3, 5
Let a(f) = -f**2 - 12*f - 13. Let t be a(-10). Let g(s) = 4*s - 7 - 5 + 3. List the prime factors of g(t).
19
Let r(x) = 3*x**2 - 59*x + 393. What are the prime factors of r(36)?
3, 719
Let h(r) = -2*r**3 + 2*r**2 + 3*r + 2. Let l be h(-1). Suppose -3*b - 9 = 0, -3*y = -7*y - l*b + 247. List the prime factors of y.
2
Suppose 0 = 2*k - 6*k - 5*j + 17, -5*k - 30 = -4*j. Let m = 2 - k. Suppose 2*p - p = 5*a - 100, 0 = 2*a - m*p - 40. What are the prime factors of a?
2, 5
Suppose -7*c = -2*c + 5*j - 3760, -3*c + 2268 = -j. What are the prime factors of c?
5, 151
Let i be -48 - 0 - 2/((-16)/24). Let h = 139 + i. List the prime factors of h.
2, 47
Suppose -4*i = 93 + 87. Let c be (-75)/(-10)*((-12)/15)/(-1). What are the prime factors of i/c*8/(-3)?
2, 5
Suppose -4*g - 5*w - 2 + 11 = 0, 5*g - 2 = 3*w. Let c = 75 + g. What are the prime factors of c?
2, 19
Suppose -4*v = 4*q - 40, 4*q + 15 = 2*v - 11. Let m(g) = g**3 - 11*g**2 + 11*g - 12. List the prime factors of m(v).
109
Suppose -6 = 2*r, -2*r = -4*b - 5*r + 147. Let x = 75 - b. List the prime factors of x.
2, 3
Suppose -60*a + 74670 = -30*a. What are the prime factors of a?
19, 131
Let s = 604 + -421. Suppose -4*c + s = -13. What are the prime factors of c?
7
Suppose 5*x + 8850 = 5*a, -2*x = 4*a + 3*x - 7044. Suppose -a = -5*l - 86. What are the prime factors of l/98*21/2?
2, 3
Let s = -1498 - -2615. List the prime factors of s.
1117
Let y(c) = 2*c**2 - 3*c. Let z be -5*(-2 + 12/10). Let u be y(z). Let b = -18 + u. What are the prime factors of b?
2
Suppose -3*x = -5*c - 155, -x + 6*c = c - 45. Suppose -3*i - x = -4*t - 10, 4*i = -2*t + 6. What are the prime factors of t?
3
Let o(x) be the first derivative of 17*x**3/3 - 4*x**2 + 4*x - 19. What are the prime factors of o(3)?
7, 19
Suppose -2*x - 14 + 8 = 0. What are the prime factors of ((-186)/8)/(54/(-16) - x)?
2, 31
Let c = 5754 + -4019. List the prime factors of c.
5, 347
Let n = -154 - -274. What are the prime factors of n?
2, 3, 5
What are the prime factors of 28770/(-60)*(-4)/(-42)*-6?
2, 137
Let i = 996 - -1189. List the prime factors of i.
5, 19, 23
Let n(m) = m